 10) to base 5.
401324
-23a (base 11) to base 14
-165
566 (base 13) to base 2
1110100001
3202 (base 6) to base 2
1011010010
16206 (base 7) to base 8
10723
Convert -100113 (base 4) to base 8.
-2027
-34141 (base 10) to base 3
-1201211111
123211 (base 4) to base 2
11011100101
What is -30323 (base 4) in base 6?
-3455
6 (base 10) to base 3
20
Convert -210212 (base 5) to base 16.
-1b14
Convert 10360 (base 7) to base 4.
220132
What is 3220013 (base 4) in base 11?
10185
Convert -3100 (base 6) to base 16.
-2ac
What is -507 (base 10) in base 11?
-421
Convert 110210 (base 5) to base 16.
edd
Convert 30a (base 11) to base 5.
2443
-421 (base 8) to base 16
-111
-2067 (base 10) to base 15
-92c
-140263 (base 7) to base 2
-110011110111010
What is -5620 (base 12) in base 15?
-2c53
Convert dba6 (base 14) to base 8.
112126
Convert -1001010000100011 (base 2) to base 3.
-1221000120
970 (base 10) to base 6
4254
What is -bd3a (base 14) in base 5?
-2022114
Convert 79ca (base 16) to base 2.
111100111001010
What is a3 (base 11) in base 12?
95
23168 (base 12) to base 8
133440
-10101101 (base 3) to base 14
-c83
-1301 (base 15) to base 4
-333103
Convert -21c (base 15) to base 16.
-1dd
111101011 (base 2) to base 4
13223
Convert 43436 (base 10) to base 14.
11b88
-42223 (base 6) to base 14
-2115
Convert 10000100111010101 (base 2) to base 5.
4134203
What is -608 (base 11) in base 7?
-2066
-10b (base 14) to base 4
-3033
Convert -104202 (base 5) to base 4.
-321131
What is -9 (base 16) in base 12?
-9
22842 (base 12) to base 4
23100302
Convert 430 (base 12) to base 5.
4422
Convert -74675 (base 8) to base 15.
-937a
What is -134213 (base 5) in base 12?
-3272
29a7 (base 12) to base 9
6621
355 (base 8) to base 11
1a6
Convert -a017 (base 14) to base 7.
-143030
What is 2331 (base 5) in base 11?
290
-113332 (base 9) to base 16
-109e5
What is 721 (base 15) in base 7?
4453
13b (base 15) to base 13
188
What is -302441 (base 6) in base 11?
-16a84
Convert 1235 (base 8) to base 4.
22131
-31203 (base 4) to base 3
-1012010
What is -bc8e (base 15) in base 16?
-9c17
Convert 333213 (base 4) to base 13.
1b12
-a73b (base 12) to base 8
-43637
-3574 (base 9) to base 3
-10122111
Convert 3ca (base 13) to base 4.
22201
Convert 1711 (base 8) to base 13.
597
-1302 (base 7) to base 9
-606
-1106 (base 13) to base 4
-211010
-22325 (base 7) to base 11
-4280
Convert -144 (base 15) to base 11.
-243
What is 414242 (base 6) in base 14?
c230
Convert 1002012 (base 4) to base 6.
31330
Convert 6974 (base 11) to base 14.
34a0
-145424 (base 6) to base 4
-3131320
8ba (base 16) to base 6
14202
Convert -303a (base 13) to base 9.
-10087
-6560 (base 9) to base 8
-11341
Convert 30142 (base 9) to base 6.
231402
2761 (base 10) to base 5
42021
What is 1130 (base 6) in base 7?
534
What is -1073 (base 12) in base 15?
-810
2082 (base 11) to base 16
ac0
Convert -3060 (base 11) to base 10.
-4059
Convert 234404 (base 6) to base 9.
31044
What is 1000101 (base 3) in base 4?
23203
15a9 (base 13) to base 10
3181
What is 1211001 (base 3) in base 12?
924
Convert -1d97 (base 15) to base 3.
-22211121
What is -3289 (base 16) in base 11?
-97a1
10938 (base 10) to base 16
2aba
553 (base 6) to base 10
213
What is 6ee (base 15) in base 16?
626
5005 (base 14) to base 16
359d
What is 141a (base 12) in base 9?
3164
51454 (base 6) to base 11
518a
Convert -2052 (base 7) to base 13.
-438
191f (base 16) to base 12
387b
What is 3377 (base 13) in base 4?
1300130
12588 (base 12) to base 11
17882
Convert 1407 (base 9) to base 15.
4aa
What is -ccc (base 14) in base 8?
-4744
-288 (base 13) to base 4
-13002
What is 5997 (base 11) in base 5?
222400
What is 435 (base 13) in base 4?
23100
Convert 12304 (base 9) to base 5.
231031
21323 (base 6) to base 9
4016
Convert 1103410 (base 5) to base 12.
b166
Convert 99c (base 14) to base 12.
1126
What is -22556 (base 7) in base 3?
-21220212
-225535 (base 7) to base 12
-1b46a
What is -14726 (base 8) in base 6?
-50342
What is -338 (base 12) in base 2?
-111011100
-100303 (base 4) to base 16
-433
4233 (base 6) to base 4
32331
58b (base 16) to base 12
9a3
Convert 43d4 (base 16) to base 2.
100001111010100
Convert -21110 (base 3) to base 16.
-c9
-76c3 (base 16) to base 12
-15717
Convert 35765 (base 8) to base 16.
3bf5
What is -14402 (base 7) in base 11?
-2a90
1505 (base 6) to base 5
3101
What is -134321 (base 6) in base 11?
-955a
120221 (base 3) to base 7
1153
What is -37b (base 14) in base 12?
-4a1
-235440 (base 6) to base 3
-1001101020
Convert -20512 (base 6) to base 9.
-3728
Convert 8266 (base 14) to base 7.
122256
Convert 2410 (base 8) to base 11.
a71
-375a (base 12) to base 3
-22120221
What is 10012 (base 4) in base 16?
106
Convert 2103223 (base 5) to base 2.
1000011111111101
10131020 (base 4) to base 13
83c9
What is -2412 (base 6) in base 12?
-408
What is b2b (base 14) in base 10?
2195
What is -10225 (base 6) in base 16?
-569
Convert -874b (base 13) to base 4.
-10212012
Convert -75027 (base 9) to base 5.
-3041342
Convert 1a17 (base 12) to base 8.
6163
What is -85d (base 15) in base 4?
-131200
Convert 64788 (base 9) to base 13.
16703
6b86 (base 13) to base 12
8927
Convert 29830 (base 11) to base 13.
1630c
-1183 (base 10) to base 9
-1554
Convert -220 (base 16) to base 2.
-1000100000
Convert 1571 (base 14) to base 5.
110243
c2d1 (base 14) to base 2
1000001011011111
What is 47865 (base 9) in base 6?
404222
Convert 164f (base 16) to base 10.
5711
34007 (base 11) to base 15
e8d9
Convert 111010010 (base 2) to base 5.
3331
1010001001111 (base 2) to base 6
40023
What is -278a5 (base 13) in base 2?
-10010000100000100
Convert -230303 (base 7) to base 12.
-1b85b
Convert 2120221 (base 3) to base 13.
b23
145126 (base 7) to base 14
a3bd
Convert -2403030 (base 5) to base 15.
-d12a
What is -1005 (base 9) in base 13?
-446
-58571 (base 11) to base 5
-10201121
What is -30 (base 11) in base 8?
-41
151 (base 14) to base 5
2032
1363 (base 7) to base 5
4120
What is 2444 (base 5) in base 4?
11312
-125a0 (base 13) to base 3
-1201112200
Convert -168 (base 15) to base 8.
-503
What is -543 (base 7) in base 2?
-100010100
Convert -3544 (base 6) to base 16.
-358
Convert 1111100101100000 (base 2) to base 6.
1211320
What is -3c2 (base 16) in base 15?
-442
Convert 3532 (base 7) to base 10.
1297
-21322 (base 7) to base 13
-2554
-24c3 (base 15) to base 10
-7833
Convert -325f (base 16) to base 3.
-122200121
Convert -43013 (base 7) to base 13.
-4ac9
Convert 14442 (base 7) to base 16.
f9f
What is 793 (base 11) in base 2?
1110110101
Convert -12a6 (base 13) to base 11.
-2009
What is 110111111010101 (base 2) in base 3?
1110021100
Convert -ced (base 16) to base 10.
-3309
-1aeb (base 16) to base 13
-31a1
What is 1087 (base 11) in base 4?
112102
Convert 5236 (base 9) to base 11.
2981
2234 (base 7) to base 11
676
2353 (base 15) to base 7
30606
-5a669 (base 11) to base 12
-42644
What is 1a416 (base 11) in base 16?
6f24
Convert -4552 (base 11) to base 5.
-142421
What is -10010 (base 7) in base 5?
-34113
-173633 (base 8) to base 3
-10012221200
Convert 222345 (base 6) to base 5.
1044323
Convert -188 (base 11) to base 13.
-139
Convert d43 (base 14) to base 3.
10120120
12423 (base 5) to base 6
4324
What is -1204 (base 7) in base 12?
-311
What is 855 (base 11) in base 10?
1028
What is -15758 (base 10) in base 8?
-36616
Convert 1742 (base 13) to base 11.
2642
What is 4944 (base 11) in base 12?
38a5
250 (base 14) to base 11
390
What is 2010021001 (base 3) in base 14?
112d9
1c5 (base 15) to base 7
1124
What is -2001 (base 5) in base 16?
-fb
Convert 3bb5 (base 15) to base 13.
5a74
Convert -3742 (base 8) to base 16.
-7e2
Convert 12045 (base 6) to base 2.
11011011101
Convert 4440 (base 9) to base 5.
101101
Convert -404d (base 16) to base 14.
-5ddb
What is 20ad (base 15) in base 10?
6913
Convert 2212 (base 6) to base 14.
288
What is ee7 (base 16) in base 12?
225b
Convert 484 (base 9) to base 10.
400
-150 (base 16) to base 12
-240
Convert 10112110 (base 3) to base 9.
3473
Convert -1101010101000 (base 2) to base 16.
-1aa8
What is 20330113 (base 4) in base 13?
1389a
What is -1100011011100 (base 2) in base 15?
-1d44
111110111011 (base 2) to base 4
332323
500011 (base 6) to base 10
38887
-94 (base 13) to base 3
-11111
-21214 (base 5) to base 12
-9b6
2300123 (base 4) to base 7
44630
Conv